{"id":9,"date":"2026-01-19T15:05:20","date_gmt":"2026-01-19T14:05:20","guid":{"rendered":"https:\/\/aurumforge.co\/?page_id=9"},"modified":"2026-02-05T20:32:08","modified_gmt":"2026-02-05T19:32:08","slug":"strona-glowna","status":"publish","type":"page","link":"https:\/\/aurumforge.co\/","title":{"rendered":"Aurum Forge"},"content":{"rendered":"\t\t<div data-elementor-type=\"wp-page\" data-elementor-id=\"9\" class=\"elementor elementor-9\">\n\t\t\t\t<div class=\"elementor-element elementor-element-b74a686 e-flex e-con-boxed e-con e-parent\" data-id=\"b74a686\" data-element_type=\"container\">\n\t\t\t\t\t<div class=\"e-con-inner\">\n\t\t\t\t<div class=\"elementor-element elementor-element-be2b13b elementor-widget elementor-widget-html\" data-id=\"be2b13b\" data-element_type=\"widget\" data-widget_type=\"html.default\">\n\t\t\t\t\t<!DOCTYPE html>\r\n<html lang=\"pl\">\r\n<head>\r\n<meta charset=\"UTF-8\">\r\n<meta name=\"viewport\" content=\"width=device-width, initial-scale=1.0\">\r\n\r\n<title>Aurum Forge - Ku\u017ania Formy<\/title>\r\n<meta name=\"description\" content=\"Indywidualne diety, treningi i prowadzenie online. Aurum Forge - realna forma bez kompromis\u00f3w.\">\r\n\r\n<style>\r\n:root {\r\n--gold:#c9a24d;\r\n--gray:#9a9a9a;\r\n--border:rgba(255,255,255,0.08);\r\n}\r\n\r\n* { box-sizing:border-box; margin:0; padding:0; }\r\n\r\nbody {\r\nfont-family: \"Inter\", system-ui, sans-serif;\r\nbackground: linear-gradient(180deg,#0b0b0b,#151515);\r\ncolor:#fff;\r\nline-height:1.6;\r\n}\r\n\r\n\/* HEADER *\/\r\n\r\n.header {\r\npadding:24px 20px;\r\ndisplay:flex;\r\njustify-content:center;\r\n}\r\n\r\n.header img {\r\nheight:180px;\r\nwidth:auto;\r\n}\r\n\r\n\/* HERO *\/\r\n\r\n.hero {\r\nmin-height:100vh;\r\ndisplay:grid;\r\ngrid-template-columns:1.2fr 1fr;\r\ngap:40px;\r\npadding:60px 80px;\r\nalign-items:center;\r\nposition:relative;\r\n}\r\n\r\n.hero::before {\r\ncontent:\"\";\r\nposition:absolute;\r\ninset:0;\r\nbackground:radial-gradient(circle at 30% 30%, rgba(201,162,77,0.15), transparent 60%);\r\nz-index:0;\r\n}\r\n\r\n.hero-content {\r\nposition:relative;\r\nz-index:2;\r\nmax-width:560px;\r\n}\r\n\r\n.hero h1 {\r\nfont-size:clamp(36px,5vw,64px);\r\nfont-weight:800;\r\nline-height:1.1;\r\nmargin-bottom:18px;\r\n}\r\n\r\n.hero h1 span { color:var(--gold); }\r\n\r\n.hero p.lead {\r\nfont-size:18px;\r\ncolor:#d0d0d0;\r\nmargin-bottom:10px;\r\n}\r\n\r\n.hero p.desc {\r\nfont-size:15px;\r\ncolor:var(--gray);\r\nmargin-bottom:32px;\r\n}\r\n\r\n.btn {\r\ndisplay:inline-block;\r\npadding:16px 36px;\r\nbackground:linear-gradient(135deg,#d8b25a,#b8923e);\r\ncolor:#111;\r\nfont-weight:700;\r\ntext-decoration:none;\r\nborder-radius:6px;\r\nborder:none;\r\ncursor:pointer;\r\n}\r\n\r\n\/* HERO IMAGE *\/\r\n\r\n.hero-image {\r\nposition:relative;\r\nz-index:2;\r\ndisplay:flex;\r\njustify-content:center;\r\nalign-items:flex-end;\r\n}\r\n\r\n.hero-image img {\r\nheight:85vh;\r\nwidth:auto;\r\nmax-width:none;\r\nobject-fit:contain;\r\n}\r\n\r\n\/* STORY *\/\r\n\r\n.story {\r\npadding:55px 80px;\r\nbackground:linear-gradient(180deg,#101010,#0c0c0c);\r\ntext-align:center;\r\n}\r\n\r\n.story h2 {\r\nfont-size:32px;\r\nfont-weight:800;\r\nmargin-bottom:24px;\r\n}\r\n\r\n.story h2 span { color:var(--gold); }\r\n\r\n.story p {\r\nfont-size:16px;\r\ncolor:#cfcfcf;\r\nmargin-bottom:10px;\r\n}\r\n\r\n\/* SECTIONS *\/\r\n\r\nsection {\r\npadding:55px 80px;\r\n}\r\n\r\n.section-title {\r\ntext-align:center;\r\nfont-size:36px;\r\nfont-weight:800;\r\nmargin-bottom:38px;\r\n}\r\n\r\n.section-title span { color:var(--gold); }\r\n\r\n\/* OFFER *\/\r\n\r\n.offer {\r\ndisplay:grid;\r\ngrid-template-columns:repeat(4,1fr);\r\ngap:24px;\r\nmax-width:1200px;\r\nmargin:0 auto;\r\n}\r\n\r\n.card {\r\nbackground:linear-gradient(180deg,#151515,#0f0f0f);\r\nborder:1px solid var(--border);\r\npadding:30px;\r\nborder-radius:12px;\r\ndisplay:flex;\r\nflex-direction:column;\r\n}\r\n\r\n.card h4 { margin-bottom:10px; }\r\n\r\n.price {\r\nfont-size:28px;\r\nfont-weight:800;\r\ncolor:var(--gold);\r\nmargin-bottom:14px;\r\n}\r\n\r\n.card p {\r\ncolor:#bdbdbd;\r\nfont-size:14px;\r\nflex-grow:1;\r\n}\r\n\r\n.card .btn {\r\nmargin-top:18px;\r\ntext-align:center;\r\n}\r\n\r\n.featured {\r\nborder:1px solid var(--gold);\r\nbox-shadow:0 0 40px rgba(201,162,77,0.15);\r\ntransform:scale(1.03);\r\n}\r\n\r\n\/* HOW IT WORKS *\/\r\n\r\n.steps {\r\nmax-width:900px;\r\nmargin:0 auto;\r\ndisplay:grid;\r\ngrid-template-columns:repeat(4,1fr);\r\ngap:24px;\r\ntext-align:center;\r\n}\r\n\r\n.steps div {\r\npadding:20px;\r\nbackground:#111;\r\nborder:1px solid var(--border);\r\nborder-radius:10px;\r\n}\r\n\r\n\/* FAQ *\/\r\n\r\n.faq {\r\nmax-width:800px;\r\nmargin:0 auto;\r\n}\r\n\r\n.faq details {\r\nbackground:#111;\r\nborder:1px solid var(--border);\r\npadding:20px;\r\nborder-radius:10px;\r\nmargin-bottom:14px;\r\n}\r\n\r\n\/* MODAL *\/\r\n\r\n.modal {\r\nposition:fixed;\r\ninset:0;\r\nbackground:rgba(0,0,0,0.85);\r\ndisplay:none;\r\nalign-items:center;\r\njustify-content:center;\r\nz-index:999;\r\n}\r\n\r\n.modal.active {\r\ndisplay:flex;\r\n}\r\n\r\n.modal-box {\r\nbackground:#111;\r\nborder:1px solid var(--border);\r\npadding:40px;\r\nborder-radius:12px;\r\nmax-width:420px;\r\nwidth:100%;\r\n}\r\n\r\n.modal-box input {\r\nwidth:100%;\r\npadding:12px;\r\nmargin-bottom:12px;\r\nborder-radius:6px;\r\nborder:none;\r\n}\r\n\r\n\/* MOBILE *\/\r\n\r\n@media(max-width:900px){\r\n.hero {\r\ngrid-template-columns:1fr;\r\npadding:40px 20px;\r\n}\r\n.hero-image img {\r\nheight:auto;\r\nmax-height:65vh;\r\nwidth:100%;\r\n}\r\nsection,.story {\r\npadding:35px 20px;\r\n}\r\n.offer,.steps {\r\ngrid-template-columns:1fr;\r\n}\r\n}\r\n\r\n\/* === ANIMACJA ZDJ\u0118CIA O MNIE === *\/\r\n@keyframes aboutFade {\r\n  from {\r\n    opacity: 0;\r\n    transform: translateY(18px);\r\n  }\r\n  to {\r\n    opacity: 1;\r\n    transform: translateY(0);\r\n  }\r\n}\r\n<\/style>\r\n<\/head>\r\n\r\n<body>\r\n\r\n<!-- HEADER -->\r\n<div class=\"header\">\r\n<img decoding=\"async\" src=\"https:\/\/aurumforge.co\/wp-content\/uploads\/2026\/01\/logo2.png\">\r\n<\/div>\r\n\r\n<!-- HERO -->\r\n<div class=\"hero\">\r\n<div class=\"hero-content\">\r\n<h1>Forma nie jest <span>przypadkiem<\/span> - jest decyzj\u0105.<\/h1>\r\n<p class=\"lead\">To efekt konsekwencji i pracy wykonanej do ko\u0144ca.<\/p>\r\n<p class=\"desc\">Indywidualna dieta, trening i realne prowadzenie.<\/p>\r\n<a href=\"#oferta\" class=\"btn\">ZOBACZ OFERT\u0118<\/a>\r\n<\/div>\r\n<div class=\"hero-image\">\r\n<img decoding=\"async\" src=\"https:\/\/aurumforge.co\/wp-content\/uploads\/2026\/01\/2C57FDF2-EDA4-42AC-9CA9-9650FAC7F10D.png\">\r\n<\/div>\r\n<\/div>\r\n\r\n<!-- STORY -->\r\n<section class=\"story\">\r\n<h2>Czym jest <span>Aurum Forge<\/span>?<\/h2>\r\n<p>Aurum to z\u0142oto. Forge to ku\u017ania.<\/p>\r\n<p>Z\u0142oto nigdy nie le\u017cy na powierzchni. Trzeba zej\u015b\u0107 ni\u017cej, wzi\u0105\u0107 narz\u0119dzia i zacz\u0105\u0107 prac\u0119.<\/p>\r\n<p>Aurum Forge to proces wykuwania nowej wersji siebie.\r\nNowych nawyk\u00f3w. Nowej struktury dnia. Nowej formy fizycznej i mentalnej.<\/p>\r\n<p>Nie ma tu motywacyjnych hase\u0142 ani dr\u00f3g na skr\u00f3ty.\r\nJest powtarzalno\u015b\u0107, konsekwencja i praca wykonywana dzie\u0144 po dniu - dok\u0142adnie tak, jak w ku\u017ani.<\/p>\r\n<p>Je\u015bli jeste\u015b got\u00f3w wzi\u0105\u0107 m\u0142ot do r\u0119ki, forma przestaje by\u0107 marzeniem.\r\nStaje si\u0119 efektem.<\/p>\r\n<\/section>\r\n\r\n<!-- OFFER -->\r\n<section id=\"oferta\">\r\n<h2 class=\"section-title\">Wybierz zakres <span>wsp\u00f3\u0142pracy<\/span><\/h2>\r\n<div class=\"offer\">\r\n<div class=\"card\">\r\n<h4>Plan Dietetyczny<\/h4>\r\n<div class=\"price\">299 z\u0142<\/div>\r\n<p>Indywidualna dieta dopasowana do celu i stylu \u017cycia.<\/p>\r\n<button class=\"btn open-modal\">KUP TERAZ<\/button>\r\n<\/div>\r\n<div class=\"card\">\r\n<h4>Plan Treningowy<\/h4>\r\n<div class=\"price\">299 z\u0142<\/div>\r\n<p>Logiczny i progresywny plan treningowy.<\/p>\r\n<button class=\"btn open-modal\">KUP TERAZ<\/button>\r\n<\/div>\r\n<div class=\"card featured\">\r\n<h4>Pakiet Dieta + Trening<\/h4>\r\n<div class=\"price\">499 z\u0142<\/div>\r\n<p>Kompletna struktura zaprojektowana jako ca\u0142o\u015b\u0107.<\/p>\r\n<button class=\"btn open-modal\">NAJCZ\u0118\u015aCIEJ WYBIERANE<\/button>\r\n<\/div>\r\n<div class=\"card\">\r\n<h4>Prowadzenie Online<\/h4>\r\n<div class=\"price\">450 z\u0142 \/ miesi\u0105c<\/div>\r\n<p>Sta\u0142y kontakt, korekty i realne prowadzenie.<\/p>\r\n<button class=\"btn open-modal\">KUP TERAZ<\/button>\r\n<\/div>\r\n<\/div>\r\n<\/section>\r\n\r\n<!-- HOW IT WORKS -->\r\n<section>\r\n<h2 class=\"section-title\">Jak to <span>dzia\u0142a<\/span>?<\/h2>\r\n<div class=\"steps\">\r\n<div>1. Wybierasz ofert\u0119<\/div>\r\n<div>2. Zostawiasz dane<\/div>\r\n<div>3. Robisz przelew lub BLIK<\/div>\r\n<div>4. Zaczynamy wsp\u00f3\u0142prac\u0119<\/div>\r\n<\/div>\r\n<\/section>\r\n\r\n<!-- ABOUT -->\r\n<section>\r\n  <h2 class=\"section-title\">O <span>mnie<\/span><\/h2>\r\n\r\n  <img decoding=\"async\"\r\n    src=\"https:\/\/aurumforge.co\/wp-content\/uploads\/2026\/02\/CB130C6E-6B4E-42B3-B390-14B50DD03510.png\"\r\n    onload=\"this.style.animation='none'; this.offsetHeight; this.style.animation='aboutFade 0.9s ease forwards';\"\r\n    style=\"display:block;max-width:420px;width:100%;margin:0 auto 16px auto;\"\r\n  >\r\n\r\n  <p style=\"max-width:800px;margin:0 auto 8px auto;color:#cfcfcf;\">\r\n    Jestem <strong>Mistrzem \u015awiata IFBB w ktegorii Fit Model<\/strong>, \r\n    <strong>Vice Mistrzem \u015awiata IFBB Men\u2019s Physique<\/strong>, \r\n    <strong>Mistrzem Europy WFF<\/strong>, \r\n    a tak\u017ce <strong>Mistrzem Polski WNBF oraz NPC<\/strong>.\r\n  <\/p>\r\n\r\n  <p style=\"max-width:800px;margin:0 auto 8px auto;color:#cfcfcf;\">\r\n    Od lat dzia\u0142am na styku sportu, konsekwentnej pracy nad form\u0105 \r\n    i \u015bwiadomego budowania wizerunku. Moja droga nie by\u0142a efektem przypadku \r\n    ani chwilowej motywacji - to rezultat lat dyscypliny, kontroli detali \r\n    i decyzji.\r\n  <\/p>\r\n\r\n  <p style=\"max-width:800px;margin:0 auto;color:#cfcfcf;\">\r\n    Pracuj\u0119 z lud\u017ami i markami, kt\u00f3re ceni\u0105 jako\u015b\u0107, profesjonalizm i realne rezultaty.\r\n    Je\u015bli szukasz partnera, kt\u00f3ry zna cen\u0119 sukcesu i potrafi j\u0105 zap\u0142aci\u0107 - \r\n    jeste\u015b we w\u0142a\u015bciwym miejscu.\r\n  <\/p>\r\n<\/section>\r\n\r\n<!-- FAQ -->\r\n<section>\r\n<h2 class=\"section-title\">Najcz\u0119\u015bciej zadawane <span>pytania<\/span><\/h2>\r\n<div class=\"faq\">\r\n<details>\r\n<summary>Czy plany s\u0105 indywidualne?<\/summary>\r\n<p>Tak. Ka\u017cdy plan tworzony jest od zera pod Ciebie.<\/p>\r\n<\/details>\r\n<details>\r\n<summary>Kiedy nast\u0119puje kontakt?<\/summary>\r\n<p>Najp\u00f3\u017aniej do 24 godzin od zg\u0142oszenia.<\/p>\r\n<\/details>\r\n<details>\r\n<summary>Czym to r\u00f3\u017cni si\u0119 od gotowych plan\u00f3w?<\/summary>\r\n<p>To proces i prowadzenie, a nie szablon do pobrania.<\/p>\r\n<\/details>\r\n<\/div>\r\n<\/section>\r\n\r\n<!-- FORM MODAL -->\r\n<div class=\"modal\" id=\"modal\">\r\n<div class=\"modal-box\">\r\n<h3>Zg\u0142oszenie do wsp\u00f3\u0142pracy<\/h3>\r\n<form id=\"lead-form\" action=\"https:\/\/formspree.io\/f\/xeeelkak\" method=\"POST\">\r\n<input type=\"text\" name=\"name\" placeholder=\"Imi\u0119 i nazwisko\" required>\r\n<input type=\"email\" name=\"email\" placeholder=\"Adres e-mail\" required>\r\n<input type=\"tel\" name=\"phone\" placeholder=\"Numer telefonu\" required>\r\n<button type=\"submit\" class=\"btn\">WY\u015aLIJ<\/button>\r\n<\/form>\r\n<\/div>\r\n<\/div>\r\n\r\n<!-- PAYMENT MODAL -->\r\n<div class=\"modal\" id=\"payment-modal\">\r\n<div class=\"modal-box\">\r\n<h3>Dane do p\u0142atno\u015bci<\/h3>\r\n<p><strong>Numer konta:<\/strong><br>25 1020 1013 0000 0002 0409 8281<\/p>\r\n<p><strong>BLIK \/ Telefon:<\/strong><br>+48 665 176 445<\/p>\r\n<p><strong>Tytu\u0142 przelewu:<\/strong><br>Aurum Forge - imi\u0119 i nazwisko<\/p>\r\n<button class=\"btn\" onclick=\"paymentModal.classList.remove('active')\">Zamknij<\/button>\r\n<\/div>\r\n<\/div>\r\n\r\n<script>\r\nconst modal = document.getElementById(\"modal\");\r\nconst paymentModal = document.getElementById(\"payment-modal\");\r\nconst form = document.getElementById(\"lead-form\");\r\n\r\ndocument.querySelectorAll(\".open-modal\").forEach(btn=>{\r\nbtn.addEventListener(\"click\",()=>modal.classList.add(\"active\"));\r\n});\r\n\r\nform.addEventListener(\"submit\",function(e){\r\ne.preventDefault();\r\nfetch(form.action,{\r\nmethod:\"POST\",\r\nbody:new FormData(form),\r\nheaders:{Accept:\"application\/json\"}\r\n}).then(r=>{\r\nif(r.ok){\r\nmodal.classList.remove(\"active\");\r\npaymentModal.classList.add(\"active\");\r\nform.reset();\r\n}\r\n});\r\n});\r\n<\/script>\r\n\r\n<\/body>\r\n<\/html>\r\n\t\t\t\t<\/div>\n\t\t\t\t\t<\/div>\n\t\t\t\t<\/div>\n\t\t\t\t<\/div>\n\t\t","protected":false},"excerpt":{"rendered":"<p>Aurum Forge &#8211; Ku\u017ania Formy Forma nie jest przypadkiem &#8211; jest decyzj\u0105. To efekt konsekwencji i pracy wykonanej do ko\u0144ca. Indywidualna dieta, trening i realne prowadzenie. ZOBACZ OFERT\u0118 Czym jest Aurum Forge? Aurum to z\u0142oto. Forge to ku\u017ania. Z\u0142oto nigdy nie le\u017cy na powierzchni. Trzeba zej\u015b\u0107 ni\u017cej, wzi\u0105\u0107 narz\u0119dzia i zacz\u0105\u0107 prac\u0119. Aurum Forge to [&hellip;]<\/p>\n","protected":false},"author":1,"featured_media":0,"parent":0,"menu_order":0,"comment_status":"closed","ping_status":"closed","template":"","meta":{"footnotes":""},"class_list":["post-9","page","type-page","status-publish","hentry"],"yoast_head":"<!-- This site is optimized with the Yoast SEO plugin v26.7 - https:\/\/yoast.com\/wordpress\/plugins\/seo\/ -->\n<title>Aurum Forge - Aurumforge.co<\/title>\n<meta name=\"description\" content=\"Indywidualne diety, treningi, i prowadzenie online. Decyzje, konsekwencja i realne efekty.\" \/>\n<meta name=\"robots\" content=\"index, follow, max-snippet:-1, max-image-preview:large, max-video-preview:-1\" \/>\n<link rel=\"canonical\" href=\"https:\/\/aurumforge.co\/\" \/>\n<meta property=\"og:locale\" content=\"pl_PL\" \/>\n<meta property=\"og:type\" content=\"article\" \/>\n<meta property=\"og:title\" content=\"Aurum Forge - Ku\u017ania Z\u0142otej Formy\" \/>\n<meta property=\"og:description\" content=\"Indywidualne diety, treningi, i prowadzenie online. Decyzje, konsekwencja i realne efekty.\" \/>\n<meta property=\"og:url\" content=\"https:\/\/aurumforge.co\/\" \/>\n<meta property=\"og:site_name\" content=\"Aurumforge.co\" \/>\n<meta property=\"article:modified_time\" content=\"2026-02-05T19:32:08+00:00\" \/>\n<meta property=\"og:image\" content=\"https:\/\/aurumforge.co\/wp-content\/uploads\/2026\/01\/og2.png\" \/>\n\t<meta property=\"og:image:width\" content=\"1536\" \/>\n\t<meta property=\"og:image:height\" content=\"1024\" \/>\n\t<meta property=\"og:image:type\" content=\"image\/png\" \/>\n<meta name=\"twitter:card\" content=\"summary_large_image\" \/>\n<meta name=\"twitter:label1\" content=\"Szacowany czas czytania\" \/>\n\t<meta name=\"twitter:data1\" content=\"4 minuty\" \/>\n<script type=\"application\/ld+json\" class=\"yoast-schema-graph\">{\"@context\":\"https:\/\/schema.org\",\"@graph\":[{\"@type\":\"WebPage\",\"@id\":\"https:\/\/aurumforge.co\/\",\"url\":\"https:\/\/aurumforge.co\/\",\"name\":\"Aurum Forge - Aurumforge.co\",\"isPartOf\":{\"@id\":\"https:\/\/aurumforge.co\/#website\"},\"primaryImageOfPage\":{\"@id\":\"https:\/\/aurumforge.co\/#primaryimage\"},\"image\":{\"@id\":\"https:\/\/aurumforge.co\/#primaryimage\"},\"thumbnailUrl\":\"https:\/\/aurumforge.co\/wp-content\/uploads\/2026\/01\/logo2.png\",\"datePublished\":\"2026-01-19T14:05:20+00:00\",\"dateModified\":\"2026-02-05T19:32:08+00:00\",\"description\":\"Indywidualne diety, treningi, i prowadzenie online. Decyzje, konsekwencja i realne efekty.\",\"breadcrumb\":{\"@id\":\"https:\/\/aurumforge.co\/#breadcrumb\"},\"inLanguage\":\"pl-PL\",\"potentialAction\":[{\"@type\":\"ReadAction\",\"target\":[\"https:\/\/aurumforge.co\/\"]}]},{\"@type\":\"ImageObject\",\"inLanguage\":\"pl-PL\",\"@id\":\"https:\/\/aurumforge.co\/#primaryimage\",\"url\":\"https:\/\/aurumforge.co\/wp-content\/uploads\/2026\/01\/logo2.png\",\"contentUrl\":\"https:\/\/aurumforge.co\/wp-content\/uploads\/2026\/01\/logo2.png\",\"width\":1536,\"height\":1024},{\"@type\":\"BreadcrumbList\",\"@id\":\"https:\/\/aurumforge.co\/#breadcrumb\",\"itemListElement\":[{\"@type\":\"ListItem\",\"position\":1,\"name\":\"Strona g\u0142\u00f3wna\",\"item\":\"https:\/\/aurumforge.co\/\"},{\"@type\":\"ListItem\",\"position\":2,\"name\":\"Aurum Forge\"}]},{\"@type\":\"WebSite\",\"@id\":\"https:\/\/aurumforge.co\/#website\",\"url\":\"https:\/\/aurumforge.co\/\",\"name\":\"Aurumforge.co\",\"description\":\"Not Words. Work.\",\"potentialAction\":[{\"@type\":\"SearchAction\",\"target\":{\"@type\":\"EntryPoint\",\"urlTemplate\":\"https:\/\/aurumforge.co\/?s={search_term_string}\"},\"query-input\":{\"@type\":\"PropertyValueSpecification\",\"valueRequired\":true,\"valueName\":\"search_term_string\"}}],\"inLanguage\":\"pl-PL\"}]}<\/script>\n<!-- \/ Yoast SEO plugin. -->","yoast_head_json":{"title":"Aurum Forge - Aurumforge.co","description":"Indywidualne diety, treningi, i prowadzenie online. Decyzje, konsekwencja i realne efekty.","robots":{"index":"index","follow":"follow","max-snippet":"max-snippet:-1","max-image-preview":"max-image-preview:large","max-video-preview":"max-video-preview:-1"},"canonical":"https:\/\/aurumforge.co\/","og_locale":"pl_PL","og_type":"article","og_title":"Aurum Forge - Ku\u017ania Z\u0142otej Formy","og_description":"Indywidualne diety, treningi, i prowadzenie online. Decyzje, konsekwencja i realne efekty.","og_url":"https:\/\/aurumforge.co\/","og_site_name":"Aurumforge.co","article_modified_time":"2026-02-05T19:32:08+00:00","og_image":[{"width":1536,"height":1024,"url":"https:\/\/aurumforge.co\/wp-content\/uploads\/2026\/01\/og2.png","type":"image\/png"}],"twitter_card":"summary_large_image","twitter_misc":{"Szacowany czas czytania":"4 minuty"},"schema":{"@context":"https:\/\/schema.org","@graph":[{"@type":"WebPage","@id":"https:\/\/aurumforge.co\/","url":"https:\/\/aurumforge.co\/","name":"Aurum Forge - Aurumforge.co","isPartOf":{"@id":"https:\/\/aurumforge.co\/#website"},"primaryImageOfPage":{"@id":"https:\/\/aurumforge.co\/#primaryimage"},"image":{"@id":"https:\/\/aurumforge.co\/#primaryimage"},"thumbnailUrl":"https:\/\/aurumforge.co\/wp-content\/uploads\/2026\/01\/logo2.png","datePublished":"2026-01-19T14:05:20+00:00","dateModified":"2026-02-05T19:32:08+00:00","description":"Indywidualne diety, treningi, i prowadzenie online. Decyzje, konsekwencja i realne efekty.","breadcrumb":{"@id":"https:\/\/aurumforge.co\/#breadcrumb"},"inLanguage":"pl-PL","potentialAction":[{"@type":"ReadAction","target":["https:\/\/aurumforge.co\/"]}]},{"@type":"ImageObject","inLanguage":"pl-PL","@id":"https:\/\/aurumforge.co\/#primaryimage","url":"https:\/\/aurumforge.co\/wp-content\/uploads\/2026\/01\/logo2.png","contentUrl":"https:\/\/aurumforge.co\/wp-content\/uploads\/2026\/01\/logo2.png","width":1536,"height":1024},{"@type":"BreadcrumbList","@id":"https:\/\/aurumforge.co\/#breadcrumb","itemListElement":[{"@type":"ListItem","position":1,"name":"Strona g\u0142\u00f3wna","item":"https:\/\/aurumforge.co\/"},{"@type":"ListItem","position":2,"name":"Aurum Forge"}]},{"@type":"WebSite","@id":"https:\/\/aurumforge.co\/#website","url":"https:\/\/aurumforge.co\/","name":"Aurumforge.co","description":"Not Words. Work.","potentialAction":[{"@type":"SearchAction","target":{"@type":"EntryPoint","urlTemplate":"https:\/\/aurumforge.co\/?s={search_term_string}"},"query-input":{"@type":"PropertyValueSpecification","valueRequired":true,"valueName":"search_term_string"}}],"inLanguage":"pl-PL"}]}},"_links":{"self":[{"href":"https:\/\/aurumforge.co\/index.php?rest_route=\/wp\/v2\/pages\/9","targetHints":{"allow":["GET"]}}],"collection":[{"href":"https:\/\/aurumforge.co\/index.php?rest_route=\/wp\/v2\/pages"}],"about":[{"href":"https:\/\/aurumforge.co\/index.php?rest_route=\/wp\/v2\/types\/page"}],"author":[{"embeddable":true,"href":"https:\/\/aurumforge.co\/index.php?rest_route=\/wp\/v2\/users\/1"}],"replies":[{"embeddable":true,"href":"https:\/\/aurumforge.co\/index.php?rest_route=%2Fwp%2Fv2%2Fcomments&post=9"}],"version-history":[{"count":93,"href":"https:\/\/aurumforge.co\/index.php?rest_route=\/wp\/v2\/pages\/9\/revisions"}],"predecessor-version":[{"id":142,"href":"https:\/\/aurumforge.co\/index.php?rest_route=\/wp\/v2\/pages\/9\/revisions\/142"}],"wp:attachment":[{"href":"https:\/\/aurumforge.co\/index.php?rest_route=%2Fwp%2Fv2%2Fmedia&parent=9"}],"curies":[{"name":"wp","href":"https:\/\/api.w.org\/{rel}","templated":true}]}}